e prime factors of 1113590042.
2, 556795021
What are the prime factors of 2349668511?
3, 239, 1092361
What are the prime factors of 197167358?
2, 98583679
List the prime factors of 2631794294.
2, 3659, 359633
List the prime factors of 53720318.
2, 23, 1167833
What are the prime factors of 1129163213?
199, 367, 15461
What are the prime factors of 47063925?
3, 5, 209173
What are the prime factors of 1540847207?
17, 90638071
What are the prime factors of 864931558?
2, 31, 1409, 9901
What are the prime factors of 70176662?
2, 1061, 33071
List the prime factors of 14403124.
2, 67, 223, 241
List the prime factors of 4987666651.
11, 2237, 202693
List the prime factors of 3298275387.
3, 11, 409, 81457
List the prime factors of 198715152.
2, 3, 4139899
List the prime factors of 287288.
2, 35911
What are the prime factors of 437971532?
2, 883, 124001
What are the prime factors of 15870775?
5, 17, 107, 349
What are the prime factors of 1335003862?
2, 2647, 252173
What are the prime factors of 1077846874?
2, 13, 31, 281, 4759
What are the prime factors of 126356056?
2, 15794507
List the prime factors of 2952263842.
2, 11, 134193811
What are the prime factors of 62009994?
2, 3, 229, 45131
List the prime factors of 3199356279.
3, 7, 521, 32491
What are the prime factors of 1027703772?
2, 3, 59, 483853
List the prime factors of 124842848.
2, 13, 73, 4111
What are the prime factors of 461406281?
7, 7459, 8837
What are the prime factors of 107820086?
2, 11, 17, 29, 9941
What are the prime factors of 2031616706?
2, 7, 89, 179, 9109
List the prime factors of 1347175897.
17, 31, 773, 3307
What are the prime factors of 896729731?
59, 2113, 7193
What are the prime factors of 636641782?
2, 7, 179, 254047
List the prime factors of 434568332.
2, 11, 9876553
List the prime factors of 1442920003.
7, 29447347
List the prime factors of 54012632.
2, 347, 19457
List the prime factors of 1495241309.
19, 367, 214433
What are the prime factors of 8207950894?
2, 11, 13, 53, 157, 3449
What are the prime factors of 436473632?
2, 7, 563, 3461
List the prime factors of 603902906.
2, 47, 727, 8837
What are the prime factors of 418919435?
5, 11, 7616717
What are the prime factors of 2912571809?
7, 37, 229499
What are the prime factors of 1538489924?
2, 79, 337, 14447
List the prime factors of 2289404892.
2, 3, 17, 11222573
List the prime factors of 205372846.
2, 7, 14669489
List the prime factors of 204409918.
2, 157, 650987
List the prime factors of 105608842.
2, 239, 220939
List the prime factors of 147572643.
3, 3251, 15131
List the prime factors of 776964965.
5, 7, 41, 541439
List the prime factors of 6858370613.
43, 47, 3393553
List the prime factors of 3694748762.
2, 1847374381
List the prime factors of 1102984436.
2, 293, 503, 1871
What are the prime factors of 3458282831?
3458282831
List the prime factors of 2267960889.
3, 47, 983, 16363
List the prime factors of 2104439305.
5, 61, 6899801
List the prime factors of 661737995.
5, 139, 952141
What are the prime factors of 2160111326?
2, 1080055663
What are the prime factors of 15818510?
2, 5, 199, 7949
What are the prime factors of 20435675?
5, 13, 227, 277
List the prime factors of 61023852.
2, 3, 1695107
List the prime factors of 69570571.
7, 19, 691, 757
List the prime factors of 349800974.
2, 23, 7604369
What are the prime factors of 5240693245?
5, 557, 1881757
List the prime factors of 76364827.
7, 11, 991751
What are the prime factors of 296803875?
3, 5, 89, 8893
List the prime factors of 25425618.
2, 3, 4237603
List the prime factors of 195326441.
19, 37, 277847
What are the prime factors of 748020230?
2, 5, 17, 149, 29531
What are the prime factors of 149303705?
5, 2447, 12203
What are the prime factors of 130869540?
2, 3, 5, 23, 41, 257
What are the prime factors of 106457150?
2, 5, 131, 16253
What are the prime factors of 2876944586?
2, 61, 23581513
List the prime factors of 69033443.
2777, 24859
List the prime factors of 138417932.
2, 34604483
What are the prime factors of 417134701?
43, 3023, 3209
List the prime factors of 45981218.
2, 157, 146437
List the prime factors of 421282706.
2, 13, 19, 852799
List the prime factors of 5414638220.
2, 5, 109, 739, 3361
List the prime factors of 985960975.
5, 43, 917173
What are the prime factors of 341795437?
59, 157, 36899
What are the prime factors of 963169684?
2, 47, 1697, 3019
What are the prime factors of 563567779?
101, 5579879
What are the prime factors of 15541515?
3, 5, 11, 31397
List the prime factors of 158743544.
2, 137, 144839
What are the prime factors of 4929757763?
7, 29, 79, 307399
What are the prime factors of 2102339695?
5, 103, 773, 5281
List the prime factors of 1500426469.
181, 8289649
What are the prime factors of 7405653169?
17, 435626657
List the prime factors of 63360779.
63360779
What are the prime factors of 1034644266?
2, 3, 41, 155773
List the prime factors of 1580808432.
2, 3, 7, 4704787
What are the prime factors of 390245518?
2, 13, 29, 349, 1483
List the prime factors of 447374287.
19819, 22573
What are the prime factors of 66427595?
5, 13, 1021963
What are the prime factors of 114603921?
3, 353, 36073
List the prime factors of 99961650.
2, 3, 5, 222137
List the prime factors of 22819363.
7, 3259909
List the prime factors of 792661615.
5, 193, 821411
What are the prime factors of 20531128?
2, 433, 5927
What are the prime factors of 245429375?
5, 67, 5861
List the prime factors of 330097866.
2, 3, 7, 79, 99487
What are the prime factors of 673752361?
673752361
List the prime factors of 1492052769.
3, 127, 1305383
What are the prime factors of 1184177249?
14447, 81967
What are the prime factors of 36465198?
2, 3, 7, 11, 78929
List the prime factors of 109726848.
2, 3, 7, 11, 1237
What are the prime factors of 31588231?
587, 53813
List the prime factors of 20898693.
3, 2322077
List the prime factors of 495026725.
5, 19801069
List the prime factors of 207492649.
7, 13, 997, 2287
What are the prime factors of 68934966?
2, 3, 17, 211, 3203
What are the prime factors of 2914454834?
2, 103, 14147839
What are the prime factors of 2441522568?
2, 3, 193, 527099
What are the prime factors of 14550768?
2, 3, 37, 2731
What are the prime factors of 6564035799?
3, 1303, 20731
What are the prime factors of 197668284?
2, 3, 11, 193, 7759
What are the prime factors of 2342502255?
3, 5, 9239, 16903
List the prime factors of 250802113.
379, 569, 1163
List the prime factors of 46304489.
7, 11, 601357
What are the prime factors of 555217330?
2, 5, 97, 127, 4507
List the prime factors of 329154476.
2, 7, 17, 433, 1597
List the prime factors of 1543172540.
2, 5, 7, 13, 277, 3061
List the prime factors of 88047425.
5, 19, 185363
List the prime factors of 1278617642.
2, 43, 3823, 3889
What are the prime factors of 53938726?
2, 23, 131, 8951
List the prime factors of 145061302.
2, 72530651
What are the prime factors of 87258112?
2, 85213
What are the prime factors of 69283759?
59, 1174301
List the prime factors of 319136928.
2, 3, 11, 302213
What are the prime factors of 117707875?
5, 941663
What are the prime factors of 4285823?
29, 147787
What are the prime factors of 35495404?
2, 7, 97, 1867
What are the prime factors of 203359361?
203359361
List the prime factors of 2982211345.
5, 59, 101, 991
What are the prime factors of 25593581?
13, 73, 149, 181
What are the prime factors of 370443321?
3, 283, 48481
List the prime factors of 3052798360.
2, 5, 71, 1074929
What are the prime factors of 805915972?
2, 79, 2550367
List the prime factors of 75654617.
75654617
List the prime factors of 4870154961.
3, 7, 2069, 37363
What are the prime factors of 57242767?
109, 525163
What are the prime factors of 28314216?
2, 3, 7, 56179
What are the prime factors of 2140115633?
43, 49770131
List the prime factors of 529545133.
13, 29, 431, 3259
What are the prime factors of 8185879?
13, 629683
What are the prime factors of 202908050?
2, 5, 233, 17417
List the prime factors of 348864661.
348864661
List the prime factors of 73307985.
3, 5, 19, 257221
List the prime factors of 186769956.
2, 3, 17, 915539
List the prime factors of 77733438.
2, 3, 101, 128273
What are the prime factors of 346342824?
2, 3, 29, 55291
List the prime factors of 1563114925.
5, 131, 449, 1063
What are the p